{"id":3728,"date":"2017-08-23T14:35:04","date_gmt":"2017-08-23T13:35:04","guid":{"rendered":"http:\/\/td_uid_1_599d848866a16"},"modified":"2025-07-28T14:15:06","modified_gmt":"2025-07-28T12:15:06","slug":"home","status":"publish","type":"page","link":"https:\/\/fr.csi.int.coyotesystems.com\/blog\/","title":{"rendered":"Actualit\u00e9s trafic et infos sur la s\u00e9curit\u00e9 routi\u00e8re"},"content":{"rendered":"<p>Actualit\u00e9s Coyote, s\u00e9curit\u00e9 routi\u00e8re, radars, automobile\u2026 Toute l\u2019actualit\u00e9 de la route dans Le Blog Coyote !<\/p>\n","protected":false},"excerpt":{"rendered":"<p>Actualit\u00e9s Coyote, s\u00e9curit\u00e9 routi\u00e8re, radars, automobile\u2026 Toute l\u2019actualit\u00e9 de la route dans Le Blog Coyote !<\/p>\n","protected":false},"author":98,"featured_media":13058,"parent":0,"menu_order":0,"comment_status":"open","ping_status":"closed","template":"page-accueil.php","meta":{"_acf_changed":false,"footnotes":""},"class_list":["post-3728","page","type-page","status-publish","has-post-thumbnail","hentry"],"acf":[],"_links":{"self":[{"href":"https:\/\/fr.csi.int.coyotesystems.com\/blog\/wp-json\/wp\/v2\/pages\/3728","targetHints":{"allow":["GET"]}}],"collection":[{"href":"https:\/\/fr.csi.int.coyotesystems.com\/blog\/wp-json\/wp\/v2\/pages"}],"about":[{"href":"https:\/\/fr.csi.int.coyotesystems.com\/blog\/wp-json\/wp\/v2\/types\/page"}],"author":[{"embeddable":true,"href":"https:\/\/fr.csi.int.coyotesystems.com\/blog\/wp-json\/wp\/v2\/users\/98"}],"replies":[{"embeddable":true,"href":"https:\/\/fr.csi.int.coyotesystems.com\/blog\/wp-json\/wp\/v2\/comments?post=3728"}],"version-history":[{"count":9,"href":"https:\/\/fr.csi.int.coyotesystems.com\/blog\/wp-json\/wp\/v2\/pages\/3728\/revisions"}],"predecessor-version":[{"id":13594,"href":"https:\/\/fr.csi.int.coyotesystems.com\/blog\/wp-json\/wp\/v2\/pages\/3728\/revisions\/13594"}],"wp:featuredmedia":[{"embeddable":true,"href":"https:\/\/fr.csi.int.coyotesystems.com\/blog\/wp-json\/wp\/v2\/media\/13058"}],"wp:attachment":[{"href":"https:\/\/fr.csi.int.coyotesystems.com\/blog\/wp-json\/wp\/v2\/media?parent=3728"}],"curies":[{"name":"wp","href":"https:\/\/api.w.org\/{rel}","templated":true}]}}